, 3, 7, 75781
What are the prime factors of 6635776?
2, 7, 23
List the prime factors of 646954.
2, 7, 11, 4201
List the prime factors of 44030799.
3, 17, 287783
List the prime factors of 209944.
2, 7, 23, 163
List the prime factors of 1274510.
2, 5, 233, 547
List the prime factors of 39067823.
23, 617, 2753
What are the prime factors of 2524957?
241, 10477
What are the prime factors of 15799271?
15799271
List the prime factors of 4223085.
3, 5, 281539
What are the prime factors of 940776?
2, 3, 39199
What are the prime factors of 11079?
3, 1231
What are the prime factors of 895407?
3, 17, 97, 181
What are the prime factors of 226176?
2, 3, 19, 31
List the prime factors of 1893842.
2, 151, 6271
List the prime factors of 1639298.
2, 149, 5501
List the prime factors of 230473.
37, 6229
List the prime factors of 373122.
2, 3, 19, 1091
List the prime factors of 20676693.
3, 19, 362749
What are the prime factors of 37656847?
31, 1214737
List the prime factors of 2886895.
5, 11, 52489
What are the prime factors of 30025186?
2, 97, 154769
What are the prime factors of 78183?
3, 7, 17, 73
List the prime factors of 469181.
79, 5939
What are the prime factors of 381119?
173, 2203
List the prime factors of 4569288.
2, 3, 190387
List the prime factors of 1559903.
17, 89, 1031
What are the prime factors of 1451932?
2, 362983
What are the prime factors of 2218018?
2, 11, 41, 2459
What are the prime factors of 19950918?
2, 3, 13, 31, 37, 223
What are the prime factors of 208070?
2, 5, 20807
What are the prime factors of 30020?
2, 5, 19, 79
List the prime factors of 77012.
2, 13, 1481
List the prime factors of 1631222.
2, 227, 3593
List the prime factors of 562672.
2, 11, 23, 139
List the prime factors of 34688451.
3, 7, 251, 6581
What are the prime factors of 14819994?
2, 3, 7, 117619
List the prime factors of 3943375.
5, 31547
List the prime factors of 3081552.
2, 3, 43, 1493
What are the prime factors of 2937855?
3, 5, 17, 41, 281
What are the prime factors of 30828?
2, 3, 7, 367
List the prime factors of 33590.
2, 5, 3359
What are the prime factors of 893321?
11, 13, 6247
What are the prime factors of 2763636?
2, 3, 230303
List the prime factors of 1222969.
11, 73, 1523
What are the prime factors of 4709569?
227, 20747
What are the prime factors of 5656651?
7, 11, 13, 5651
What are the prime factors of 5209077?
3, 1163, 1493
What are the prime factors of 101609?
17, 43, 139
What are the prime factors of 3475918?
2, 1737959
List the prime factors of 9428536.
2, 13, 90659
What are the prime factors of 3210390?
2, 3, 5, 35671
List the prime factors of 1031730.
2, 3, 5, 7, 17
What are the prime factors of 80555?
5, 16111
What are the prime factors of 125178?
2, 3, 31, 673
What are the prime factors of 647942?
2, 47, 61, 113
What are the prime factors of 14501398?
2, 79, 91781
What are the prime factors of 12514910?
2, 5, 101, 12391
What are the prime factors of 337676?
2, 29, 41, 71
List the prime factors of 115472.
2, 7, 1031
What are the prime factors of 674902?
2, 53, 6367
List the prime factors of 13490.
2, 5, 19, 71
What are the prime factors of 2397852?
2, 3, 43, 1549
What are the prime factors of 6897853?
29, 237857
What are the prime factors of 1163086?
2, 677, 859
What are the prime factors of 3477311?
797, 4363
What are the prime factors of 1252115?
5, 250423
List the prime factors of 6295357.
71, 88667
List the prime factors of 840983.
11, 13, 5881
List the prime factors of 12513317.
12513317
What are the prime factors of 1721039?
19, 239, 379
What are the prime factors of 30900?
2, 3, 5, 103
What are the prime factors of 2227879?
79, 28201
List the prime factors of 7083534.
2, 3, 101, 11689
List the prime factors of 154339.
154339
What are the prime factors of 529603?
529603
List the prime factors of 1263598.
2, 7, 43, 2099
What are the prime factors of 4543471?
17, 67, 3989
List the prime factors of 1016622.
2, 3, 56479
What are the prime factors of 2796484?
2, 61, 73, 157
What are the prime factors of 1352498?
2, 7, 37, 373
What are the prime factors of 5650158?
2, 3, 211, 4463
List the prime factors of 50624.
2, 7, 113
What are the prime factors of 5676744?
2, 3, 19, 59, 211
What are the prime factors of 4715320?
2, 5, 117883
What are the prime factors of 4164063?
3, 1388021
What are the prime factors of 1190054?
2, 67, 83, 107
List the prime factors of 55891.
11, 5081
List the prime factors of 79154.
2, 19, 2083
List the prime factors of 10493638.
2, 313, 16763
List the prime factors of 1931714.
2, 965857
List the prime factors of 9488591.
7, 1355513
List the prime factors of 1101761.
1101761
List the prime factors of 34782829.
43, 71, 11393
What are the prime factors of 1012224?
2, 3, 659
What are the prime factors of 253170?
2, 3, 5, 29, 97
List the prime factors of 568949.
37, 15377
List the prime factors of 429351.
3, 13, 101, 109
List the prime factors of 39064558.
2, 13, 863, 1741
List the prime factors of 3618.
2, 3, 67
List the prime factors of 724370.
2, 5, 17, 4261
List the prime factors of 232498.
2, 7, 16607
List the prime factors of 2714773.
67, 40519
What are the prime factors of 4006513?
7, 59, 89, 109
List the prime factors of 13019942.
2, 13, 571, 877
List the prime factors of 635928.
2, 3, 26497
List the prime factors of 1545007.
1545007
What are the prime factors of 5959593?
3, 662177
List the prime factors of 3267808.
2, 17, 6007
List the prime factors of 1973244.
2, 3, 7, 13, 139
What are the prime factors of 2111116?
2, 7, 10771
List the prime factors of 23995049.
13, 23, 80251
List the prime factors of 15165716.
2, 3791429
What are the prime factors of 144315?
3, 5, 1069
What are the prime factors of 77695?
5, 41, 379
List the prime factors of 410462.
2, 13, 15787
List the prime factors of 91373.
91373
What are the prime factors of 217023?
3, 72341
List the prime factors of 1599895.
5, 11, 19, 1531
What are the prime factors of 522827?
522827
List the prime factors of 5715375.
3, 5, 15241
What are the prime factors of 26076665?
5, 5215333
What are the prime factors of 1712051?
11, 23, 67, 101
List the prime factors of 1065805.
5, 13, 19, 863
What are the prime factors of 543946?
2, 13, 20921
List the prime factors of 570720.
2, 3, 5, 29, 41
What are the prime factors of 268198?
2, 7, 19157
List the prime factors of 3113165.
5, 11, 23, 107
What are the prime factors of 3609?
3, 401
What are the prime factors of 17056086?
2, 3, 2842681
List the prime factors of 127766.
2, 193, 331
What are the prime factors of 10046856?
2, 3, 383, 1093
What are the prime factors of 679386?
2, 3, 199, 569
What are the prime factors of 22274668?
2, 13, 29, 14771
What are the prime factors of 440070?
2, 3, 5, 14669
What are the prime factors of 60959?
47, 1297
What are the prime factors of 3479176?
2, 67, 6491
List the prime factors of 14282254.
2, 7, 307, 3323
What are the prime factors of 14013177?
3, 29, 161071
What are the prime factors of 412601?
7, 58943
List the prime factors of 3283678.
2, 587, 2797
List the prime factors of 93416.
2, 11677
What are the prime factors of 28082?
2, 19, 739
What are the prime factors of 9847184?
2, 615449
What are the prime factors of 359262?
2, 3, 6653
What are the prime factors of 191742?
2, 3, 31957
List the prime factors of 1166008.
2, 23, 6337
What are the prime factors of 401365?
5, 80273
What are the prime factors of 1524015?
3, 5, 53, 71
What are the prime factors of 4662512?
2, 311, 937
What are the prime factors of 863747?
41, 21067
What are the prime factors of 1202351?
751, 1601
What are the prime factors of 3556391?
3556391
List the prime factors of 32218852.
2, 8054713
List the prime factors of 10796464.
2, 7, 47, 293
List the prime factors of 27473.
83, 331
What are the prime factors of 1525359?
3, 11, 17, 2719
List the prime factors of 192126.
2, 3, 11, 41, 71
List the prime factors of 2822203.
19, 148537
List the prime factors of 501528.
2, 3, 20897
List the prime factors of 3270948.
2, 3, 37, 53, 139
List the prime factors of 2284774.
2, 23, 49669
What are the prime factors of 721168?
2, 7, 47, 137
What are the prime factors of 272101?
107, 2543
What are the prime factors of 16005330?
2, 3, 5, 11, 17, 317
What are the prime factors of 12407622?
2, 3, 2067937
List the prime factors o